{"id":76,"date":"2025-10-07T09:55:14","date_gmt":"2025-10-07T09:55:14","guid":{"rendered":"http:\/\/gynette.epiphronconsultants.fr\/?page_id=76"},"modified":"2025-10-10T12:57:25","modified_gmt":"2025-10-10T12:57:25","slug":"gynette-aia","status":"publish","type":"page","link":"https:\/\/gynette.epiphronconsultants.fr\/index.php\/gynette-aia\/","title":{"rendered":"Gynette AIA"},"content":{"rendered":"\n<h3 class=\"wp-block-heading\">Qu&rsquo;est ce que l&rsquo;on vend ? <\/h3>\n\n\n\n<p>La volont\u00e9 de gynette est de rendre du pouvoir aux avocats vis \u00e0 vis de l&rsquo;Intelligence Artificielle et des craintes l\u00e9gitimes et r\u00e9elles qu&rsquo;elle fait peser sur la profession. <\/p>\n\n\n\n<ol class=\"wp-block-list\">\n<li><strong>Un programme de formation<\/strong> pour maitriser l&rsquo;IA. Que peut on faire avec ? Que ne peut on faire avec ? Notre formation permet de vous rendre autonome et de travailler en s\u00e9curit\u00e9 avec ce nouvel outil. Comme le t\u00e9l\u00e9phone ou l&rsquo;ordinateur, la technologique ne fera pas disparaitre le m\u00e9tier, mais en modifie profondemment la pratique.<\/li>\n\n\n\n<li><strong>Vous rendre autonome, <\/strong>cel\u00e0 veut dire ne pas vous asservir par la mise en place d&rsquo;un dispositif couteux : pas d&rsquo;abonnement, pas d&rsquo;usine \u00e0 gaz qui aspire votre systeme d&rsquo;information. <br>Avec Gynette AIA, votre syst\u00e8me d&rsquo;information reste sur chez vous.<\/li>\n\n\n\n<li><strong>Un logiciel m\u00fbr et \u00e9prouv\u00e9<\/strong>, qui peut \u00eatre suffisant pour vous simplifier la vie et vous rendre du temps pour vos clients. Au d\u00e9part, gynetteAIA est un support de formation, notre logiciel est aujourd&rsquo;hui m\u00fbr pour vous rendre service.<\/li>\n<\/ol>\n\n\n\n<div class=\"wp-block-columns is-layout-flex wp-container-core-columns-is-layout-28f84493 wp-block-columns-is-layout-flex\">\n<div class=\"wp-block-column has-base-2-background-color has-background is-layout-flow wp-block-column-is-layout-flow\" style=\"border-width:2px;padding-top:var(--wp--preset--spacing--10);padding-right:var(--wp--preset--spacing--10);padding-bottom:var(--wp--preset--spacing--10);padding-left:var(--wp--preset--spacing--10)\">\n<p class=\"has-text-align-center has-xx-large-font-size\"> \ud83e\udd49<\/p>\n\n\n\n<h5 class=\"wp-block-heading\"><strong>GYNETTE AIA +  Formation standard<\/strong><\/h5>\n\n\n\n<p><strong>1000\u20ac TTC \/j\/personne<\/strong><\/p>\n\n\n\n<p>Devenez autonome avec l\u2019IA et Gynette en 1 journ\u00e9e.<\/p>\n<\/div>\n\n\n\n<div class=\"wp-block-column has-base-2-background-color has-background is-layout-flow wp-block-column-is-layout-flow\" style=\"border-width:2px;padding-top:var(--wp--preset--spacing--10);padding-right:var(--wp--preset--spacing--10);padding-bottom:var(--wp--preset--spacing--10);padding-left:var(--wp--preset--spacing--10)\">\n<p class=\"has-text-align-center has-xx-large-font-size\">\ud83e\udd48<\/p>\n\n\n\n<h5 class=\"wp-block-heading\"><strong>GYNETTE AIA + Formation premium<\/strong><\/h5>\n\n\n\n<p><strong>5500\u20ac TTC Formation + 1 mois de suivi personnalis\u00e9 <\/strong><\/p>\n\n\n\n<p>Installation et paiement \u00e0 la consommation.<\/p>\n<\/div>\n\n\n\n<div class=\"wp-block-column has-base-2-background-color has-background is-layout-flow wp-block-column-is-layout-flow\" style=\"border-width:2px;padding-top:var(--wp--preset--spacing--10);padding-right:var(--wp--preset--spacing--10);padding-bottom:var(--wp--preset--spacing--10);padding-left:var(--wp--preset--spacing--10)\">\n<p class=\"has-text-align-center has-xx-large-font-size\">\ud83e\udd47 <\/p>\n\n\n\n<h5 class=\"wp-block-heading\"><strong>GYNETTE AIA <br>Livr\u00e9, pay\u00e9<\/strong><\/h5>\n\n\n\n<p><strong>890\u20ac TTC<\/strong><\/p>\n\n\n\n<p>Installation et paiement \u00e0 la consommation.<\/p>\n<\/div>\n<\/div>\n\n\n\n<p><strong>Installation comprise et paiement \u00e0 la consommation.<\/strong><\/p>\n\n\n\n<h3 class=\"wp-block-heading\">La consommation, c&rsquo;est quoi? <\/h3>\n\n\n\n<p>Gynette fait appel \u00e0 deux pretataires de LLM, c\u00e9ritables moteurs de Gynette :  <a href=\"http:\/\/gemini.google.com\">Gemini <\/a>par google et<a href=\"http:\/\/claude.ai\"> Claude<\/a> par anthropic. <br>Cette utilisation est adapt\u00e9e pour un usage tr\u00e8s cadr\u00e9 et transparent. Gynette peut par ailleurs utiliser l&rsquo;IA pour am\u00e9liorer la num\u00e9risation des pi\u00e8ces sur demande. <\/p>\n\n\n\n<p>A la diff\u00e9rence du prompt bien connu des &lsquo;tchats&rsquo;, Gynette met en oeuvre des  agents IA sp\u00e9cialis\u00e9s qui vont analyser les pi\u00e8ces et le dossier pour r\u00e9pondre \u00e0 vos demandes. <strong><br>Le choix des ces deux IA a \u00e9t\u00e9 fait pour leur capacit\u00e9 ET pour leur CGV respecteuses du RGPD quant aux donn\u00e9es transmises par API. <\/strong><\/p>\n\n\n\n<h3 class=\"wp-block-heading\">Combien \u00e7a co\u00fbte \u00e0 la consommation ?<\/h3>\n\n\n\n<p>Une r\u00e9daction de conclusions sur un dossier d&rsquo;une dizaine de pi\u00e8ces &lsquo;normales&rsquo; reviendra \u00e0 quelques euros. <br>Pas de surprise, Gynette AIA vous accompagne pour \u00e9valuer le co\u00fbt final d&rsquo;une demande.<\/p>\n\n\n\n<p class=\"has-x-large-font-size\"><a href=\"http:\/\/gynette.epiphronconsultants.fr\/index.php\/contact\/\">Inter\u00e9ss\u00e9, interess\u00e9e ? <\/a><\/p>\n","protected":false},"excerpt":{"rendered":"<p>Qu&rsquo;est ce que l&rsquo;on vend ? La volont\u00e9 de gynette est de rendre du pouvoir aux avocats vis \u00e0 vis de l&rsquo;Intelligence Artificielle et des craintes l\u00e9gitimes et r\u00e9elles qu&rsquo;elle fait peser sur la profession. \ud83e\udd49 GYNETTE AIA + Formation standard 1000\u20ac TTC \/j\/personne Devenez autonome avec l\u2019IA et Gynette en 1 journ\u00e9e. \ud83e\udd48 GYNETTE [&hellip;]<\/p>\n","protected":false},"author":1,"featured_media":0,"parent":0,"menu_order":0,"comment_status":"closed","ping_status":"closed","template":"","meta":{"footnotes":""},"class_list":["post-76","page","type-page","status-publish","hentry"],"_links":{"self":[{"href":"https:\/\/gynette.epiphronconsultants.fr\/index.php\/wp-json\/wp\/v2\/pages\/76","targetHints":{"allow":["GET"]}}],"collection":[{"href":"https:\/\/gynette.epiphronconsultants.fr\/index.php\/wp-json\/wp\/v2\/pages"}],"about":[{"href":"https:\/\/gynette.epiphronconsultants.fr\/index.php\/wp-json\/wp\/v2\/types\/page"}],"author":[{"embeddable":true,"href":"https:\/\/gynette.epiphronconsultants.fr\/index.php\/wp-json\/wp\/v2\/users\/1"}],"replies":[{"embeddable":true,"href":"https:\/\/gynette.epiphronconsultants.fr\/index.php\/wp-json\/wp\/v2\/comments?post=76"}],"version-history":[{"count":7,"href":"https:\/\/gynette.epiphronconsultants.fr\/index.php\/wp-json\/wp\/v2\/pages\/76\/revisions"}],"predecessor-version":[{"id":254,"href":"https:\/\/gynette.epiphronconsultants.fr\/index.php\/wp-json\/wp\/v2\/pages\/76\/revisions\/254"}],"wp:attachment":[{"href":"https:\/\/gynette.epiphronconsultants.fr\/index.php\/wp-json\/wp\/v2\/media?parent=76"}],"curies":[{"name":"wp","href":"https:\/\/api.w.org\/{rel}","templated":true}]}}